j(o) = 3*o + 68. Let l be j(n). Calculate the remainder when 24/l*(2 + (-50)/(-3)) is divided by 15.
11
Let q = 328 + -203. Let j = -79 + q. Let r = j - 35. What is the remainder when 14 is divided by r?
3
Calculate the remainder when 1708 is divided by (-2)/10 - ((-11)/5 - (41 - 33)).
8
Suppose 0 = 5*g - j - 2656, -4*g + g + 4*j + 1597 = 0. Suppose 3*z + 9 = 0, g - 6 = 5*v + 5*z. Calculate the remainder when v is divided by 11.
9
Let f(a) = -a**3 + 26*a**2 - 13*a - 50. Let k = -133 + 158. Let j be f(k). Let x = -144 + j. Calculate the remainder when x is divided by 36.
34
Let k(n) = 76 - 2*n + n - 96. Let m be k(-7). Let i = 4 - m. What is the remainder when i is divided by 5?
2
Let n = 19 + -15. Suppose n*m + 2*g = 66, 23*m = 18*m + 5*g + 60. Let k = -85 - -174. Calculate the remainder when k is divided by m.
14
Suppose 5*h = 4*m + 969, 5*h - m - 1495 = -544. Calculate the remainder when h is divided by 34.
19
Suppose z + 13 = -4*l, -3*z = -4*l + 3*l - 26. Let v be -2*3/2*55/(-33). Suppose -v*p + 1 = -9. Calculate the remainder when z is divided by p.
1
Let t be 4/((-40)/15)*(-20)/6. Suppose -i - 98 = -6*i + p, t*i = -4*p + 83. Let r = -62 - -94. What is the remainder when r is divided by i?
13
Calculate the remainder when 13317/(-2)*1*(-82)/123 is divided by 44.
39
Let z(k) = 3*k**2 + 4*k. Suppose -5*r - 3*l + 208 = 0, -4*r = -2*r + l - 83. What is the remainder when z(4) is divided by r?
23
Suppose 2*z - 25 = -j, -6*z + 2*z = 5*j - 65. Suppose z*i + 245 = 15*i. Suppose -3*v + 0*v + 75 = 0. What is the remainder when i is divided by v?
24
Suppose -2*d - 4*r + 986 = 0, -3*d - 40*r = -47*r - 1453. Calculate the remainder when d is divided by 7.
6
Let l(f) = -f**2 - 33*f - 103. Let p be l(-25). Suppose m + v = 2*m - p, -475 = -5*m - 5*v. What is the remainder when 375 is divided by m?
87
Suppose r + 3*r = 4*l + 40, 5*r + 70 = -5*l. What is the remainder when 570 is divided by 18/l*176/(-12)?
20
Let a = 1722 - 1421. What is the remainder when a is divided by 105?
91
Let p(d) = -469*d - 5614. What is the remainder when 8398 is divided by p(-12)?
12
Suppose 2*m - 7 = 3. Suppose -5*y = m*t - 360, y - t + 279 = 5*y. Suppose -4*r = 5*f - 142, y = 4*f - f - 3*r. Calculate the remainder when 128 is divided by f.
24
Suppose 0 = 3*k - 5*k + 4, 5*k = d - 524. Let n = d + -526. What is the remainder when 22 is divided by n?
6
Let t = 0 + 5. Suppose v + 3*s + 2*s - 260 = 0, -820 = -3*v - t*s. What is the remainder when v/6 + 6/(-9) is divided by 17?
12
Calculate the remainder when 1207 is divided by (8/((-384)/4840) - -1)/(2/(-12)).
9
Suppose -3*n - 2*o + 330 = 0, 550 = 18*n - 13*n + 2*o. Suppose 0 = -4*p + 4 + 12. Calculate the remainder when n is divided by p.
2
Let b(j) = j**2 + 32*j - 37. Let a be b(-33). What is the remainder when 15 is divided by 288/36 + (1*a - 1)?
0
Suppose 6*x - 2*x = 40. Let q = 217 - 217. Suppose -6 = -2*m, q = -5*o + m - 6*m + 260. Calculate the remainder when o is divided by x.
9
Let d(q) = q**3 + 7*q**2 + 4*q - 2. Let p = -373 - -368. What is the remainder when 35 is divided by d(p)?
7
Let c be (-2)/(-2) - (0 - 29). Suppose -2*y + 2*j = -c, 3*y + 2*j = -j + 21. What is the remainder when (-910)/39*(-45)/30 is divided by y?
2
Suppose -3*k = -3*x - 21, 75*x = k + 71*x + 2. Suppose 219 = k*o - 41. What is the remainder when o is divided by -1 + 7 + (-2)/(-2)?
5
Calculate the remainder when 637 is divided by ((-10)/4 - (-4185)/270)*(2 - 0).
13
Suppose -4*p - 77 + 101 = 0. Suppose -s - 2*g + 12 = -p, -5*s - 3*g = -97. Let j = -46 - -104. Calculate the remainder when j is divided by s.
18
Suppose 46 - 11 = 5*z. Suppose -z*r + 78 = 6*r. Calculate the remainder when r is divided by (-3)/(-3)*-8*(-2)/4.
2
Let v(d) = -86*d + 14715. Calculate the remainder when v(37) is divided by 5764.
5
Let v = -57 + 2344. Calculate the remainder when v is divided by 22.
21
What is the remainder when 637 is divided by (-1940)/45*42/(-56) + 1/(-3)?
29
Let v(m) = -8*m + 17. Let z be v(4). Let j be 2 - 9/z - (-2)/5. What is the remainder when 49 is divided by (1/j)/(2 - 77/39)?
10
Let o(x) be the third derivative of x**4/24 + x**3 - 3*x**2. Let p = 5825 + -5790. Calculate the remainder when p is divided by o(6).
11
Suppose u - 179 = -4*q, -58 + 298 = 5*q - 2*u. Let s be (15/(-6) - 6/(-2))*q. Suppose 0 = 2*w - s - 163. Calculate the remainder when w is divided by 32.
29
Suppose a = -5*m + 205, -40*m + 2*a = -42*m + 90. Calculate the remainder when m is divided by 4.
0
Let y be ((-268)/8)/(((-3)/2)/(-3)). Let i = y + 126. Calculate the remainder when i is divided by 31.
28
Suppose -5*w + 55*w - 22512 = -6*w. What is the remainder when w is divided by 35?
17
Suppose -12 = -2*s - 5*y + 1, -s - 5*y + 14 = 0. Calculate the remainder when 85 is divided by ((-54)/(-63))/(s/(-42)).
13
Suppose -o - 2*g + 9 = -0, 4*g - 8 = 0. What is the remainder when 226 is divided by o?
1
Let z(j) = j**2 - 28. Suppose -24*g = -s - 22*g + 330, g = s - 328. What is the remainder when s is divided by z(6)?
6
Let x(t) = -t**3 - 6*t**2 + 6*t + 2. Let c be x(-7). Suppose -c*h = -21*h + 156. Suppose 550 = -3*s + h*s. Calculate the remainder when s is divided by 20.
15
Let a = 144 - -341. Let v = -433 + a. Calculate the remainder when 97 is divided by v.
45
What is the remainder when (-430)/(-172)*(-6486)/(-15) is divided by 451?
179
Let c(h) = -259*h**3 + 5*h**2 + 3*h - 3. What is the remainder when c(-1) is divided by 131?
127
What is the remainder when 2/(-1 - (-202)/198) is divided by 116/80 - (-2)/(-8) - 264189/(-5305)?
48
Let c be 66/(-44) - 5/2. Suppose 2*n + 3*n - 445 = 0. Calculate the remainder when n is divided by 1 - (2035/(-45) + c/(-18)).
43
Let v(k) = 16*k + 16. Let m be v(6). Let i = 134 - m. Calculate the remainder when i is divided by 16.
6
Suppose 0 = -4*a + 667 - 7. Let i = -25 + a. Let p = i + -130. What is the remainder when 58 is divided by p?
8
Let d(y) = y + 8. Suppose -5*w + 4*c + c = -15, 0 = 2*w + c + 6. What is the remainder when 26 is divided by d(w)?
5
Let w(j) = 15*j + 2. Let u(s) = 7*s. Let r(t) = -10*u(t) + 4*w(t). Calculate the remainder when r(-4) is divided by 13.
9
Let c = -1761 - -1826. Calculate the remainder when 254 is divided by c.
59
Let a(h) = 2*h + 45. Suppose -f = -2*v - 70, -4*f - 2*v + 290 = -0*v. Suppose -b = -f - 0. Calculate the remainder when b is divided by a(-4).
35
Let u be (-396 + 3)*((-66)/(-9) - 6). Let k = -485 - u. Let a = -21 + 31. Calculate the remainder when k is divided by a.
9
Suppose 14*x = x - 39. Let o be (2 + 166)*x*1/(-6). Suppose 0 = 5*z - o - 106. Calculate the remainder when 72 is divided by z.
34
Let i be 3/4 + (-187)/68. Calculate the remainder when (5 + (-836)/i)*2/3 is divided by 59.
46
Suppose 0 = -8*b - 6*b + 1988. What is the remainder when b is divided by -82*(4/8*-9 + 4)?
19
Suppose 0 = 9*w + 9*w - 2898. Suppose 0*b + 7*b - w = 0. Suppose 4 + 8 = 2*t + 2*v, -2*v - 3 = -t. Calculate the remainder when b is divided by t.
3
Suppose 2*r + 2*v = 310, -3*r = -8*v + 3*v - 481. Suppose -6 - r = -4*x - n, 5*n = 15. Let c = 1 + x. Calculate the remainder when c is divided by 9.
5
Let a = 10 + 77. Suppose -4*f + a = s, 5*f + 153 = 2*s - 60. Let b = -26 - -76. What is the remainder when s is divided by b?
49
Let b be (-2 - -594)*11/(-11). Suppose 4*v - 116 = -5*y + 101, 2*v - 4*y = 128. What is the remainder when v is divided by (6/5)/(3 - b/(-200))?
28
Let s = 330 + -422. Let v = s - -107. What is the remainder when 39 is divided by v?
9
Suppose -5*d + 1585 = 6*u, 0 = 2*u - 3*d - 197 - 308. What is the remainder when u is divided by 250?
10
Let f = 2066 - 1577. What is the remainder when f is divided by 45?
39
Suppose 340*q + 24970 = 395*q. Calculate the remainder when 1362 is divided by q.
0
Let b = 651 - 316. Calculate the remainder when b/5 + -4*1 is divided by -37 + 39 + 1*14.
15
Suppose 4*q = -s + 520, -2*s + 71*q = 69*q - 1080. Calculate the remainder when s is divided by 49.
46
Suppose -7046 = -93*y + 9508. What is the remainder when 354 is divided by y?
176
Suppose 2*i = 26*y - 22*y + 68, -i + 37 = -5*y. Suppose 2*v - 67 + 25 = 0. What is the remainder when i is divided by v?
11
Let h(p) = -p**2 - 11*p + 34. Let v be h(-13). Suppose v*w = -6*w + 252. What is the remainder when w is divided by 17?
1
Supp